 of p and j?
2
Let s = -56 + 299. Calculate the highest common divisor of s and 6.
3
Suppose 0 = -5*g + 3*f + 2*f - 385, 311 = -4*g + 3*f. Let x = g - -124. Suppose -4*i = -41 - 3. Calculate the greatest common factor of x and i.
11
Let t be (2/4)/((-2 - -12)/260). Calculate the highest common factor of 26 and t.
13
Suppose x - 2*x - 5*s + 28 = 0, 5*s - 20 = 0. Let a = -6 + x. Let n be (-750)/(-24) + a/(-8). What is the highest common divisor of n and 31?
31
Suppose t = -0*f + f + 15, 0 = -4*t + 5*f + 57. Suppose 3*m + 8 - 2 = 0, d - 20 = m. Calculate the greatest common divisor of d and t.
18
Let p be (5 - -3)/((-12)/(-6)). Let b be p - (-4 + (-59 - (-6 - -3))). Calculate the greatest common divisor of 24 and b.
8
Let r(m) be the second derivative of 0 + 1/2*m**2 + 0*m**3 - 8*m + 1/3*m**4. Let f be r(4). What is the greatest common factor of f and 26?
13
Suppose 4*g + 3*f - 22 = 0, 3*g + 3*f - 18 = -0*f. Suppose -g*i = k - 48, -i - k - 60 = -6*i. Calculate the greatest common factor of i and 132.
12
Let n be 1/((30/44)/15). Calculate the greatest common factor of n and 418.
22
Suppose -3*v + 108 = 4*c, 0 = -3*v - 0*c + 2*c + 90. Let b be ((-55)/(-10))/(2/v). Calculate the highest common divisor of b and 8.
8
Suppose 0 = -11*b + 34 + 76. Calculate the greatest common factor of 1010 and b.
10
Suppose 6 = 3*x, -3*x - 116 = -5*p + 53. Calculate the greatest common factor of p and 35.
35
Let o = 430 + -352. What is the greatest common factor of o and 13?
13
Let h = -6 + 120. Suppose z + h = 4*z. Let v be (-4)/((-8)/z) - 2. What is the greatest common divisor of v and 17?
17
Suppose l = -2 + 6. Let h be 82/l - (-6)/12. What is the greatest common divisor of h and 14?
7
Let n(u) be the third derivative of -u**4/8 - 3*u**3/2 - 8*u**2. Let i be n(-4). Calculate the highest common factor of 33 and i.
3
Let k(g) be the first derivative of g**4/4 - 16*g**3/3 + 15*g**2/2 + 16*g - 13. Let w be k(15). What is the greatest common factor of 24 and w?
8
Suppose 0 = r + r - 10. Let y(s) = 21 - s**2 + 15*s + 0 + 3 - 5. Let i be y(12). Calculate the greatest common factor of i and r.
5
Suppose -684 = -8*t - 172. Calculate the greatest common divisor of t and 224.
32
Suppose -122 = -i - 52. Calculate the highest common factor of i and 7.
7
Let f be (-22)/(3 + (-142)/46). Let c be 109/2 + 3/6. Suppose 5*x = c + 60. Calculate the greatest common divisor of x and f.
23
Let q be (-2)/(2/3)*-1. Let s be ((-2)/8*0 + 0)/2. Suppose s = -3*c + j + q*j + 31, 2 = j. What is the highest common factor of 91 and c?
13
Suppose -3*y - 6*y - 1098 = 0. Let d = 220 + y. What is the greatest common factor of 14 and d?
14
Let j = 12 - -32. Let i be j - (-1 - -4)/(-3). What is the highest common factor of 30 and i?
15
Let i(h) = -268*h - 3. Let s be i(-2). Calculate the greatest common factor of 13 and s.
13
Let m(c) = -c + 1. Let f be m(-2). Suppose f*k = k. Suppose -6 + k = -3*w. What is the highest common divisor of 3 and w?
1
Suppose 690 = 29*m - 5095 - 508. Suppose -143 = -5*d - 3*n, -3*d - 27 + 140 = -5*n. What is the greatest common factor of d and m?
31
Let l = 134 - 79. Let u = -133 + 135. Let z be -22*((-15)/(-10) - u). Calculate the highest common factor of l and z.
11
Let g = 900 + -890. Calculate the greatest common factor of g and 810.
10
Suppose 41*h = 27680 + 11926. What is the greatest common factor of 42 and h?
42
Let k = -74 + 74. Suppose k = 8*u - 7 - 1. What is the greatest common factor of 5 and u?
1
Let y(t) = t**3 + 12. Let z = -1 + 1. Let i be y(z). Let a be (3 - 21/9)/((-1)/(-18)). What is the greatest common divisor of i and a?
12
Let r be (-2)/((-1011)/201 + 5). Let k = r - 65. What is the highest common factor of k and 16?
2
Let a be (-24)/(-9) + (-2)/3. Suppose 0 = a*t + 2*r + 4, -5*r - 8 = -t - 22. Let w be (-4)/1*t/16. What is the greatest common divisor of 1 and w?
1
Let d(o) = o**2 - 29*o - 249. Let w be d(36). What is the greatest common factor of w and 29?
1
Suppose -172 = -5*n + 108. Suppose 0 = -4*d, -c + 2*d = -d - 2. Let u(f) = 3*f**2 - 5*f + 6. Let o be u(c). What is the highest common divisor of n and o?
8
Let y = -69 + 106. Let k = -25 + y. What is the highest common divisor of 12 and k?
12
Suppose 4*g - 5122 = -2*c, -2*g - 30*c = -26*c - 2564. Calculate the greatest common divisor of 120 and g.
40
Suppose -5*z = 3 + 37. Let d be (-1 + 101)*z/(-20). Suppose w - 2 = 3. Calculate the highest common factor of d and w.
5
Let n = -22 + 42. Let f = -56 + n. Let w be (-122)/(-8) - (-9)/f. What is the highest common divisor of 45 and w?
15
Let n be (-12)/4 + 1412 - -2. Calculate the highest common divisor of n and 34.
17
Let q(g) = g**3 + 18*g**2 + 55*g - 12. Let w be q(-14). Suppose y - 5*d + 5 = 168, 723 = 5*y - w*d. What is the highest common divisor of 11 and y?
11
Let n(x) = -x**3 + 28*x**2 + 3*x - 71. Let i be n(28). What is the greatest common divisor of 1053 and i?
13
Let p be 4/(-10) - (-720)/50. Suppose 4*y - 2*i - 50 = 0, 11*i - 16*i - 41 = -4*y. What is the greatest common factor of p and y?
14
Let t be ((-6)/(-5))/((-26)/(-585)). Calculate the greatest common divisor of t and 342.
9
Let r(f) = f**2 + 9*f - 10. Let g = -8 + -3. Let w be r(g). What is the greatest common factor of w and 48?
12
Let m = 487 + -469. Calculate the greatest common factor of 72 and m.
18
Suppose 0*o - 5*u + 58 = o, 0 = -2*o - 2*u + 100. Let s = -15 + 47. Calculate the greatest common divisor of o and s.
16
Let h(q) = -q**3 - 20*q**2 - 23*q - 44. Let z be h(-19). What is the greatest common divisor of z and 48?
16
Let m = 53 + -159. Let o = m + 169. Calculate the highest common divisor of 9 and o.
9
Let h = 521 - 312. Calculate the greatest common factor of h and 11.
11
Let r = 232 + -196. Calculate the highest common factor of 153 and r.
9
Suppose -123*o + 126*o - 6192 = 0. Calculate the greatest common factor of o and 48.
48
Suppose -6*u - 1472 = -8*u. Calculate the highest common divisor of 46 and u.
46
Suppose 3*g = -4*m + 69, 4*m - 74 = 2*g - 20. Let l be ((-6)/10)/(m/(-300)). Suppose 0 = -0*k + 4*k - 48. What is the highest common divisor of l and k?
12
Suppose 3*g - 9 = -0*g. Let r(s) = s**3 - 4*s**2 + 5*s - 3. Let z be r(g). Suppose -z*q + 6*q - 45 = 0. What is the highest common divisor of q and 30?
15
Let r = 109 - 241. Let z be -3 + 3/(3*(-4)/r). Calculate the highest common divisor of 6 and z.
6
Let i(r) = 10*r**2 + 1. Let l be i(-1). Suppose 153 + 12 = 15*v. What is the greatest common factor of l and v?
11
Let a be (-28 - -8)*24/(-5). What is the greatest common factor of 18 and a?
6
Let n(a) = a**2 - 3*a + 11. Let l be n(2). Let j(g) = -5*g - 3. Let h be j(-6). What is the greatest common factor of l and h?
9
Let u(o) = -o**2 - 4*o - 1. Let q be u(-2). Let y be 1/2*114/q. Suppose -16*a = -y*a + 18. What is the highest common divisor of a and 3?
3
Let n(u) = u**3 + 9*u**2 - 4*u - 12. Suppose 47 = -k + 39. Let t be n(k). Calculate the highest common factor of t and 24.
12
Let i = 221 + -122. Let g = -6 + 15. Calculate the highest common divisor of i and g.
9
Suppose 4*h = 2*h + 156. Let o(k) = 262*k + 288. Let r be o(-1). Calculate the greatest common divisor of h and r.
26
Let n = 457 - 184. What is the highest common divisor of n and 21?
21
Suppose 88*l - 8392 = 77760. Calculate the highest common factor of 178 and l.
89
Let l(q) be the third derivative of q**6/120 - 11*q**5/60 - 5*q**4/12 - 2*q**3/3 + 11*q**2. Let y be l(12). What is the highest common divisor of 5 and y?
5
Let w = -6 + 16. Let l(k) = 0*k**2 - 1 + 9 - w*k + 2*k**2. Let t be l(7). Calculate the greatest common factor of 24 and t.
12
Let n(w) = -7*w - 7. Let o be n(-4). Let a = 43 - 36. Calculate the highest common factor of a and o.
7
Suppose -19*p = -1873 - 236. Suppose p*s - 107*s - 216 = 0. What is the highest common factor of 6 and s?
6
Suppose 3*q - 7*o - 88 = -3*o, 0 = -5*q - 3*o + 195. Let p = -479 + 533. What is the highest common factor of q and p?
18
Let g be 887 - ((-24)/36)/(1/(-3)). What is the highest common divisor of 59 and g?
59
Let x(t) = -4*t + 2. Let y be 15/(-5) - (-2 - -1). Let a be x(y). Calculate the highest common factor of a and 90.
10
Let h = -20 + 23. Suppose -24 = -5*q - h*q. Suppose 60 + 12 = q*s. Calculate the greatest common factor of s and 60.
1